{"id":84,"date":"2025-09-28T08:53:00","date_gmt":"2025-09-28T08:53:00","guid":{"rendered":"https:\/\/www.seidenfelder-krampusse.at\/?page_id=84"},"modified":"2025-09-28T08:53:00","modified_gmt":"2025-09-28T08:53:00","slug":"willkommen-bei-den-seidenfelder-krampussen","status":"publish","type":"page","link":"https:\/\/www.seidenfelder-krampusse.at\/?page_id=84","title":{"rendered":"Willkommen bei den Seidenfelder Krampussen!"},"content":{"rendered":"<p data-start=\"302\" data-end=\"346\">Sch\u00f6n, dass du den Weg zu uns gefunden hast!<\/p>\n<p data-start=\"348\" data-end=\"637\">Wir sind die <strong data-start=\"361\" data-end=\"387\">Seidenfelder Krampusse<\/strong> \u2013 eine leidenschaftliche Krampusgruppe, tief verwurzelt in Brauchtum, Gemeinschaft und gelebter Tradition. Bei uns trifft altes Handwerk auf moderne Interpretation \u2013 mit furchterregenden Masken, handgefertigten Gew\u00e4ndern und dem echten Krampusgeist.<\/p>\n<p data-start=\"639\" data-end=\"806\">Ob du dich \u00fcber unsere Veranstaltungen informieren willst, Bilder vergangener L\u00e4ufe suchst oder mehr \u00fcber unsere Gruppe erfahren m\u00f6chtest \u2013 hier bist du genau richtig.<\/p>\n<p data-start=\"808\" data-end=\"876\"><strong data-start=\"808\" data-end=\"876\">Trete ein in die Welt der Krampusse \u2013 rau, ehrlich und lebendig!<\/strong><\/p>\n","protected":false},"excerpt":{"rendered":"<p>Sch\u00f6n, dass du den Weg zu uns gefunden hast! Wir sind die Seidenfelder Krampusse \u2013 eine leidenschaftliche Krampusgruppe, tief verwurzelt in Brauchtum, Gemeinschaft und gelebter Tradition. Bei uns trifft altes Handwerk auf moderne Interpretation \u2013 mit furchterregenden Masken, handgefertigten Gew\u00e4ndern und dem echten Krampusgeist. Ob du dich \u00fcber unsere Veranstaltungen informieren willst, Bilder vergangener L\u00e4ufe [&hellip;]<\/p>\n","protected":false},"author":1,"featured_media":0,"parent":0,"menu_order":0,"comment_status":"closed","ping_status":"closed","template":"","meta":{"footnotes":""},"class_list":["post-84","page","type-page","status-publish","hentry"],"_links":{"self":[{"href":"https:\/\/www.seidenfelder-krampusse.at\/index.php?rest_route=\/wp\/v2\/pages\/84","targetHints":{"allow":["GET"]}}],"collection":[{"href":"https:\/\/www.seidenfelder-krampusse.at\/index.php?rest_route=\/wp\/v2\/pages"}],"about":[{"href":"https:\/\/www.seidenfelder-krampusse.at\/index.php?rest_route=\/wp\/v2\/types\/page"}],"author":[{"embeddable":true,"href":"https:\/\/www.seidenfelder-krampusse.at\/index.php?rest_route=\/wp\/v2\/users\/1"}],"replies":[{"embeddable":true,"href":"https:\/\/www.seidenfelder-krampusse.at\/index.php?rest_route=%2Fwp%2Fv2%2Fcomments&post=84"}],"version-history":[{"count":1,"href":"https:\/\/www.seidenfelder-krampusse.at\/index.php?rest_route=\/wp\/v2\/pages\/84\/revisions"}],"predecessor-version":[{"id":85,"href":"https:\/\/www.seidenfelder-krampusse.at\/index.php?rest_route=\/wp\/v2\/pages\/84\/revisions\/85"}],"wp:attachment":[{"href":"https:\/\/www.seidenfelder-krampusse.at\/index.php?rest_route=%2Fwp%2Fv2%2Fmedia&parent=84"}],"curies":[{"name":"wp","href":"https:\/\/api.w.org\/{rel}","templated":true}]}}